{"id":570,"date":"2017-10-02T14:34:39","date_gmt":"2017-10-02T14:34:39","guid":{"rendered":"http:\/\/www.mayfra.es\/pro\/?page_id=570"},"modified":"2017-10-02T14:34:39","modified_gmt":"2017-10-02T14:34:39","slug":"bombas-de-vacio-de-lobulos","status":"publish","type":"page","link":"https:\/\/www.mayfra.es\/pro\/bombas-de-vacio-de-lobulos\/","title":{"rendered":"Bombas de vac\u00edo de L\u00f3bulos"},"content":{"rendered":"<p>CTA ha desarrollado para el mercado del orde\u00f1o un modelo de bomba seca de 3 l\u00f3bulos.<\/p>\n<p>Extremamos la tendencia del mercado que ya ha desarrollado la oferta con un desprendimiento progresivo del rotor compresor cl\u00e1sico con 2 l\u00f3bulos en favor de las m\u00e1quinas con 1 rotor con 3 l\u00f3bulos.<\/p>\n<p><img decoding=\"async\" loading=\"lazy\" class=\"alignnone size-full wp-image-571 aligncenter\" src=\"http:\/\/www.mayfra.es\/pro\/wp-content\/uploads\/2017\/10\/bombas_De_vacio_lobulos.png\" alt=\"\" width=\"884\" height=\"708\" srcset=\"https:\/\/www.mayfra.es\/pro\/wp-content\/uploads\/2017\/10\/bombas_De_vacio_lobulos.png 884w, https:\/\/www.mayfra.es\/pro\/wp-content\/uploads\/2017\/10\/bombas_De_vacio_lobulos-300x240.png 300w, https:\/\/www.mayfra.es\/pro\/wp-content\/uploads\/2017\/10\/bombas_De_vacio_lobulos-768x615.png 768w, https:\/\/www.mayfra.es\/pro\/wp-content\/uploads\/2017\/10\/bombas_De_vacio_lobulos-676x541.png 676w\" sizes=\"(max-width: 884px) 100vw, 884px\" \/><\/p>\n<blockquote><p>Toda la informaci\u00f3n en nuestro catalogo <a href=\"http:\/\/www.mayfra.es\/CATALOGO_MAYFRA.pdf\" target=\"_blank\" rel=\"noopener\">aqu\u00ed<\/a><\/p><\/blockquote>\n","protected":false},"excerpt":{"rendered":"<p>CTA ha desarrollado para el mercado del orde\u00f1o un modelo de bomba seca de 3 l\u00f3bulos. Extremamos la tendencia del mercado que ya ha desarrollado la oferta con un desprendimiento progresivo del rotor compresor cl\u00e1sico con 2 l\u00f3bulos en favor de las m\u00e1quinas con 1 rotor con 3 l\u00f3bulos. Toda la informaci\u00f3n en nuestro catalogo [&hellip;]<\/p>\n","protected":false},"author":1,"featured_media":0,"parent":0,"menu_order":0,"comment_status":"closed","ping_status":"closed","template":"","meta":[],"_links":{"self":[{"href":"https:\/\/www.mayfra.es\/pro\/wp-json\/wp\/v2\/pages\/570"}],"collection":[{"href":"https:\/\/www.mayfra.es\/pro\/wp-json\/wp\/v2\/pages"}],"about":[{"href":"https:\/\/www.mayfra.es\/pro\/wp-json\/wp\/v2\/types\/page"}],"author":[{"embeddable":true,"href":"https:\/\/www.mayfra.es\/pro\/wp-json\/wp\/v2\/users\/1"}],"replies":[{"embeddable":true,"href":"https:\/\/www.mayfra.es\/pro\/wp-json\/wp\/v2\/comments?post=570"}],"version-history":[{"count":1,"href":"https:\/\/www.mayfra.es\/pro\/wp-json\/wp\/v2\/pages\/570\/revisions"}],"predecessor-version":[{"id":572,"href":"https:\/\/www.mayfra.es\/pro\/wp-json\/wp\/v2\/pages\/570\/revisions\/572"}],"wp:attachment":[{"href":"https:\/\/www.mayfra.es\/pro\/wp-json\/wp\/v2\/media?parent=570"}],"curies":[{"name":"wp","href":"https:\/\/api.w.org\/{rel}","templated":true}]}}