{"id":469,"date":"2015-12-03T16:58:02","date_gmt":"2015-12-03T16:58:02","guid":{"rendered":"http:\/\/www.mayfra.es\/pro\/?page_id=469"},"modified":"2015-12-03T16:58:02","modified_gmt":"2015-12-03T16:58:02","slug":"colectores-para-ordeno-de-ovejas","status":"publish","type":"page","link":"https:\/\/www.mayfra.es\/pro\/colectores-para-ordeno-de-ovejas\/","title":{"rendered":"Colectores para orde\u00f1o de ovejas"},"content":{"rendered":"<p>Colectores para orde\u00f1o de ovejas<br \/>\nDisponemos de un amplio cat\u00e1logo de Accesorios y Colectores para orde\u00f1o de ovejas as\u00ed como todos sus repuestos, <span style=\"color: #ff0000;\"><a href=\"http:\/\/www.mayfra.es\/CATALOGO_MAYFRA.pdf\" target=\"_blank\">consulte nuestro cat\u00e1logo.<\/a><\/span><\/p>\n<p><a href=\"http:\/\/www.mayfra.es\/pro\/wp-content\/uploads\/2015\/12\/colectores_para_ovejas_57_02.jpg\" rel=\"lightbox[469]\"><img decoding=\"async\" loading=\"lazy\" class=\"alignnone size-full wp-image-471\" src=\"http:\/\/www.mayfra.es\/pro\/wp-content\/uploads\/2015\/12\/colectores_para_ovejas_57_02.jpg\" alt=\"colectores_para_ovejas_57_02\" width=\"1280\" height=\"795\" srcset=\"https:\/\/www.mayfra.es\/pro\/wp-content\/uploads\/2015\/12\/colectores_para_ovejas_57_02.jpg 1280w, https:\/\/www.mayfra.es\/pro\/wp-content\/uploads\/2015\/12\/colectores_para_ovejas_57_02-300x186.jpg 300w, https:\/\/www.mayfra.es\/pro\/wp-content\/uploads\/2015\/12\/colectores_para_ovejas_57_02-1024x636.jpg 1024w, https:\/\/www.mayfra.es\/pro\/wp-content\/uploads\/2015\/12\/colectores_para_ovejas_57_02-676x420.jpg 676w\" sizes=\"(max-width: 1280px) 100vw, 1280px\" \/><\/a> <a href=\"http:\/\/www.mayfra.es\/pro\/wp-content\/uploads\/2015\/12\/colectores_para_ovejas_57_04.jpg\" rel=\"lightbox[469]\"><img decoding=\"async\" loading=\"lazy\" class=\"alignnone size-full wp-image-472\" src=\"http:\/\/www.mayfra.es\/pro\/wp-content\/uploads\/2015\/12\/colectores_para_ovejas_57_04.jpg\" alt=\"colectores_para_ovejas_57_04\" width=\"1280\" height=\"692\" srcset=\"https:\/\/www.mayfra.es\/pro\/wp-content\/uploads\/2015\/12\/colectores_para_ovejas_57_04.jpg 1280w, https:\/\/www.mayfra.es\/pro\/wp-content\/uploads\/2015\/12\/colectores_para_ovejas_57_04-300x162.jpg 300w, https:\/\/www.mayfra.es\/pro\/wp-content\/uploads\/2015\/12\/colectores_para_ovejas_57_04-1024x554.jpg 1024w, https:\/\/www.mayfra.es\/pro\/wp-content\/uploads\/2015\/12\/colectores_para_ovejas_57_04-676x365.jpg 676w\" sizes=\"(max-width: 1280px) 100vw, 1280px\" \/><\/a> <a href=\"http:\/\/www.mayfra.es\/pro\/wp-content\/uploads\/2015\/12\/colectores_para_ovejas_58_02.jpg\" rel=\"lightbox[469]\"><img decoding=\"async\" loading=\"lazy\" class=\"alignnone size-full wp-image-473\" src=\"http:\/\/www.mayfra.es\/pro\/wp-content\/uploads\/2015\/12\/colectores_para_ovejas_58_02.jpg\" alt=\"colectores_para_ovejas_58_02\" width=\"1280\" height=\"639\" srcset=\"https:\/\/www.mayfra.es\/pro\/wp-content\/uploads\/2015\/12\/colectores_para_ovejas_58_02.jpg 1280w, https:\/\/www.mayfra.es\/pro\/wp-content\/uploads\/2015\/12\/colectores_para_ovejas_58_02-300x150.jpg 300w, https:\/\/www.mayfra.es\/pro\/wp-content\/uploads\/2015\/12\/colectores_para_ovejas_58_02-1024x511.jpg 1024w, https:\/\/www.mayfra.es\/pro\/wp-content\/uploads\/2015\/12\/colectores_para_ovejas_58_02-676x337.jpg 676w\" sizes=\"(max-width: 1280px) 100vw, 1280px\" \/><\/a> <a href=\"http:\/\/www.mayfra.es\/pro\/wp-content\/uploads\/2015\/12\/colectores_para_ovejas_58_04.jpg\" rel=\"lightbox[469]\"><img decoding=\"async\" loading=\"lazy\" class=\"alignnone size-full wp-image-474\" src=\"http:\/\/www.mayfra.es\/pro\/wp-content\/uploads\/2015\/12\/colectores_para_ovejas_58_04.jpg\" alt=\"colectores_para_ovejas_58_04\" width=\"1280\" height=\"666\" srcset=\"https:\/\/www.mayfra.es\/pro\/wp-content\/uploads\/2015\/12\/colectores_para_ovejas_58_04.jpg 1280w, https:\/\/www.mayfra.es\/pro\/wp-content\/uploads\/2015\/12\/colectores_para_ovejas_58_04-300x156.jpg 300w, https:\/\/www.mayfra.es\/pro\/wp-content\/uploads\/2015\/12\/colectores_para_ovejas_58_04-1024x533.jpg 1024w, https:\/\/www.mayfra.es\/pro\/wp-content\/uploads\/2015\/12\/colectores_para_ovejas_58_04-676x352.jpg 676w\" sizes=\"(max-width: 1280px) 100vw, 1280px\" \/><\/a><\/p>\n<p>&nbsp;<\/p>\n<p>&nbsp;<\/p>\n","protected":false},"excerpt":{"rendered":"<p>Colectores para orde\u00f1o de ovejas Disponemos de un amplio cat\u00e1logo de Accesorios y Colectores para orde\u00f1o de ovejas as\u00ed como todos sus repuestos, consulte nuestro cat\u00e1logo. &nbsp; &nbsp;<\/p>\n","protected":false},"author":1,"featured_media":0,"parent":0,"menu_order":0,"comment_status":"closed","ping_status":"closed","template":"","meta":[],"_links":{"self":[{"href":"https:\/\/www.mayfra.es\/pro\/wp-json\/wp\/v2\/pages\/469"}],"collection":[{"href":"https:\/\/www.mayfra.es\/pro\/wp-json\/wp\/v2\/pages"}],"about":[{"href":"https:\/\/www.mayfra.es\/pro\/wp-json\/wp\/v2\/types\/page"}],"author":[{"embeddable":true,"href":"https:\/\/www.mayfra.es\/pro\/wp-json\/wp\/v2\/users\/1"}],"replies":[{"embeddable":true,"href":"https:\/\/www.mayfra.es\/pro\/wp-json\/wp\/v2\/comments?post=469"}],"version-history":[{"count":2,"href":"https:\/\/www.mayfra.es\/pro\/wp-json\/wp\/v2\/pages\/469\/revisions"}],"predecessor-version":[{"id":475,"href":"https:\/\/www.mayfra.es\/pro\/wp-json\/wp\/v2\/pages\/469\/revisions\/475"}],"wp:attachment":[{"href":"https:\/\/www.mayfra.es\/pro\/wp-json\/wp\/v2\/media?parent=469"}],"curies":[{"name":"wp","href":"https:\/\/api.w.org\/{rel}","templated":true}]}}