{"id":430,"date":"2015-12-03T15:38:30","date_gmt":"2015-12-03T15:38:30","guid":{"rendered":"http:\/\/www.mayfra.es\/pro\/?page_id=430"},"modified":"2015-12-03T15:38:30","modified_gmt":"2015-12-03T15:38:30","slug":"bombas-de-leche_ordeno","status":"publish","type":"page","link":"https:\/\/www.mayfra.es\/pro\/bombas-de-leche_ordeno\/","title":{"rendered":"Bombas de leche"},"content":{"rendered":"<p>Grupos de vac\u00edo para salas de orde\u00f1o.<br \/>\nDisponemos de un amplio cat\u00e1logo de grupos de vac\u00edo para salas de orde\u00f1o,as\u00ed de como todos sus recambios y accesorios <span style=\"color: #ff0000;\"><a href=\"http:\/\/www.mayfra.es\/CATALOGO_MAYFRA.pdf\" target=\"_blank\">consulte nuestro cat\u00e1logo.<\/a><\/span><\/p>\n<p><a href=\"http:\/\/www.mayfra.es\/pro\/wp-content\/uploads\/2015\/12\/bombas_de_leche_37_02.jpg\" rel=\"lightbox[430]\"><img decoding=\"async\" loading=\"lazy\" class=\"alignnone size-full wp-image-431\" src=\"http:\/\/www.mayfra.es\/pro\/wp-content\/uploads\/2015\/12\/bombas_de_leche_37_02.jpg\" alt=\"bombas_de_leche_37_02\" width=\"1280\" height=\"576\" srcset=\"https:\/\/www.mayfra.es\/pro\/wp-content\/uploads\/2015\/12\/bombas_de_leche_37_02.jpg 1280w, https:\/\/www.mayfra.es\/pro\/wp-content\/uploads\/2015\/12\/bombas_de_leche_37_02-300x135.jpg 300w, https:\/\/www.mayfra.es\/pro\/wp-content\/uploads\/2015\/12\/bombas_de_leche_37_02-1024x461.jpg 1024w, https:\/\/www.mayfra.es\/pro\/wp-content\/uploads\/2015\/12\/bombas_de_leche_37_02-676x304.jpg 676w\" sizes=\"(max-width: 1280px) 100vw, 1280px\" \/><\/a><\/p>\n<p><a href=\"http:\/\/www.mayfra.es\/pro\/wp-content\/uploads\/2015\/12\/bombas_de_leche_37_04.jpg\" rel=\"lightbox[430]\"><img decoding=\"async\" loading=\"lazy\" class=\"alignnone size-full wp-image-432\" src=\"http:\/\/www.mayfra.es\/pro\/wp-content\/uploads\/2015\/12\/bombas_de_leche_37_04.jpg\" alt=\"bombas_de_leche_37_04\" width=\"1280\" height=\"940\" srcset=\"https:\/\/www.mayfra.es\/pro\/wp-content\/uploads\/2015\/12\/bombas_de_leche_37_04.jpg 1280w, https:\/\/www.mayfra.es\/pro\/wp-content\/uploads\/2015\/12\/bombas_de_leche_37_04-300x220.jpg 300w, https:\/\/www.mayfra.es\/pro\/wp-content\/uploads\/2015\/12\/bombas_de_leche_37_04-1024x752.jpg 1024w, https:\/\/www.mayfra.es\/pro\/wp-content\/uploads\/2015\/12\/bombas_de_leche_37_04-676x496.jpg 676w\" sizes=\"(max-width: 1280px) 100vw, 1280px\" \/><\/a><\/p>\n<p><a href=\"http:\/\/www.mayfra.es\/pro\/wp-content\/uploads\/2015\/12\/bombas_de_leche_38_02.jpg\" rel=\"lightbox[430]\"><img decoding=\"async\" loading=\"lazy\" class=\"alignnone size-full wp-image-433\" src=\"http:\/\/www.mayfra.es\/pro\/wp-content\/uploads\/2015\/12\/bombas_de_leche_38_02.jpg\" alt=\"bombas_de_leche_38_02\" width=\"1280\" height=\"302\" srcset=\"https:\/\/www.mayfra.es\/pro\/wp-content\/uploads\/2015\/12\/bombas_de_leche_38_02.jpg 1280w, https:\/\/www.mayfra.es\/pro\/wp-content\/uploads\/2015\/12\/bombas_de_leche_38_02-300x71.jpg 300w, https:\/\/www.mayfra.es\/pro\/wp-content\/uploads\/2015\/12\/bombas_de_leche_38_02-1024x242.jpg 1024w, https:\/\/www.mayfra.es\/pro\/wp-content\/uploads\/2015\/12\/bombas_de_leche_38_02-676x159.jpg 676w\" sizes=\"(max-width: 1280px) 100vw, 1280px\" \/><\/a><\/p>\n<p><a href=\"http:\/\/www.mayfra.es\/pro\/wp-content\/uploads\/2015\/12\/bombas_de_leche_38_04.jpg\" rel=\"lightbox[430]\"><img decoding=\"async\" loading=\"lazy\" class=\"alignnone size-full wp-image-434\" src=\"http:\/\/www.mayfra.es\/pro\/wp-content\/uploads\/2015\/12\/bombas_de_leche_38_04.jpg\" alt=\"bombas_de_leche_38_04\" width=\"1280\" height=\"297\" srcset=\"https:\/\/www.mayfra.es\/pro\/wp-content\/uploads\/2015\/12\/bombas_de_leche_38_04.jpg 1280w, https:\/\/www.mayfra.es\/pro\/wp-content\/uploads\/2015\/12\/bombas_de_leche_38_04-300x70.jpg 300w, https:\/\/www.mayfra.es\/pro\/wp-content\/uploads\/2015\/12\/bombas_de_leche_38_04-1024x238.jpg 1024w, https:\/\/www.mayfra.es\/pro\/wp-content\/uploads\/2015\/12\/bombas_de_leche_38_04-676x157.jpg 676w\" sizes=\"(max-width: 1280px) 100vw, 1280px\" \/><\/a><\/p>\n<p><a href=\"http:\/\/www.mayfra.es\/pro\/wp-content\/uploads\/2015\/12\/bombas_de_leche_38_06.jpg\" rel=\"lightbox[430]\"><img decoding=\"async\" loading=\"lazy\" class=\"alignnone size-full wp-image-435\" src=\"http:\/\/www.mayfra.es\/pro\/wp-content\/uploads\/2015\/12\/bombas_de_leche_38_06.jpg\" alt=\"bombas_de_leche_38_06\" width=\"1280\" height=\"290\" srcset=\"https:\/\/www.mayfra.es\/pro\/wp-content\/uploads\/2015\/12\/bombas_de_leche_38_06.jpg 1280w, https:\/\/www.mayfra.es\/pro\/wp-content\/uploads\/2015\/12\/bombas_de_leche_38_06-300x68.jpg 300w, https:\/\/www.mayfra.es\/pro\/wp-content\/uploads\/2015\/12\/bombas_de_leche_38_06-1024x232.jpg 1024w, https:\/\/www.mayfra.es\/pro\/wp-content\/uploads\/2015\/12\/bombas_de_leche_38_06-676x153.jpg 676w\" sizes=\"(max-width: 1280px) 100vw, 1280px\" \/><\/a><\/p>\n<p><a href=\"http:\/\/www.mayfra.es\/pro\/wp-content\/uploads\/2015\/12\/bombas_de_leche_38_08.jpg\" rel=\"lightbox[430]\"><img decoding=\"async\" loading=\"lazy\" class=\"alignnone size-full wp-image-436\" src=\"http:\/\/www.mayfra.es\/pro\/wp-content\/uploads\/2015\/12\/bombas_de_leche_38_08.jpg\" alt=\"bombas_de_leche_38_08\" width=\"1280\" height=\"320\" srcset=\"https:\/\/www.mayfra.es\/pro\/wp-content\/uploads\/2015\/12\/bombas_de_leche_38_08.jpg 1280w, https:\/\/www.mayfra.es\/pro\/wp-content\/uploads\/2015\/12\/bombas_de_leche_38_08-300x75.jpg 300w, https:\/\/www.mayfra.es\/pro\/wp-content\/uploads\/2015\/12\/bombas_de_leche_38_08-1024x256.jpg 1024w, https:\/\/www.mayfra.es\/pro\/wp-content\/uploads\/2015\/12\/bombas_de_leche_38_08-676x169.jpg 676w\" sizes=\"(max-width: 1280px) 100vw, 1280px\" \/><\/a><\/p>\n<p><a href=\"http:\/\/www.mayfra.es\/pro\/wp-content\/uploads\/2015\/12\/bombas_de_leche_39_02.jpg\" rel=\"lightbox[430]\"><img decoding=\"async\" loading=\"lazy\" class=\"alignnone size-full wp-image-437\" src=\"http:\/\/www.mayfra.es\/pro\/wp-content\/uploads\/2015\/12\/bombas_de_leche_39_02.jpg\" alt=\"bombas_de_leche_39_02\" width=\"1280\" height=\"234\" srcset=\"https:\/\/www.mayfra.es\/pro\/wp-content\/uploads\/2015\/12\/bombas_de_leche_39_02.jpg 1280w, https:\/\/www.mayfra.es\/pro\/wp-content\/uploads\/2015\/12\/bombas_de_leche_39_02-300x55.jpg 300w, https:\/\/www.mayfra.es\/pro\/wp-content\/uploads\/2015\/12\/bombas_de_leche_39_02-1024x187.jpg 1024w, https:\/\/www.mayfra.es\/pro\/wp-content\/uploads\/2015\/12\/bombas_de_leche_39_02-676x124.jpg 676w\" sizes=\"(max-width: 1280px) 100vw, 1280px\" \/><\/a><\/p>\n<p><a href=\"http:\/\/www.mayfra.es\/pro\/wp-content\/uploads\/2015\/12\/bombas_de_leche_39_04.jpg\" rel=\"lightbox[430]\"><img decoding=\"async\" loading=\"lazy\" class=\"alignnone size-full wp-image-438\" src=\"http:\/\/www.mayfra.es\/pro\/wp-content\/uploads\/2015\/12\/bombas_de_leche_39_04.jpg\" alt=\"bombas_de_leche_39_04\" width=\"1280\" height=\"242\" srcset=\"https:\/\/www.mayfra.es\/pro\/wp-content\/uploads\/2015\/12\/bombas_de_leche_39_04.jpg 1280w, https:\/\/www.mayfra.es\/pro\/wp-content\/uploads\/2015\/12\/bombas_de_leche_39_04-300x57.jpg 300w, https:\/\/www.mayfra.es\/pro\/wp-content\/uploads\/2015\/12\/bombas_de_leche_39_04-1024x194.jpg 1024w, https:\/\/www.mayfra.es\/pro\/wp-content\/uploads\/2015\/12\/bombas_de_leche_39_04-676x128.jpg 676w\" sizes=\"(max-width: 1280px) 100vw, 1280px\" \/><\/a><\/p>\n<p><a href=\"http:\/\/www.mayfra.es\/pro\/wp-content\/uploads\/2015\/12\/bombas_de_leche_39_06.jpg\" rel=\"lightbox[430]\"><img decoding=\"async\" loading=\"lazy\" class=\"alignnone size-full wp-image-439\" src=\"http:\/\/www.mayfra.es\/pro\/wp-content\/uploads\/2015\/12\/bombas_de_leche_39_06.jpg\" alt=\"bombas_de_leche_39_06\" width=\"1280\" height=\"297\" srcset=\"https:\/\/www.mayfra.es\/pro\/wp-content\/uploads\/2015\/12\/bombas_de_leche_39_06.jpg 1280w, https:\/\/www.mayfra.es\/pro\/wp-content\/uploads\/2015\/12\/bombas_de_leche_39_06-300x70.jpg 300w, https:\/\/www.mayfra.es\/pro\/wp-content\/uploads\/2015\/12\/bombas_de_leche_39_06-1024x238.jpg 1024w, https:\/\/www.mayfra.es\/pro\/wp-content\/uploads\/2015\/12\/bombas_de_leche_39_06-676x157.jpg 676w\" sizes=\"(max-width: 1280px) 100vw, 1280px\" \/><\/a><\/p>\n<p><a href=\"http:\/\/www.mayfra.es\/pro\/wp-content\/uploads\/2015\/12\/bombas_de_leche_39_08.jpg\" rel=\"lightbox[430]\"><img decoding=\"async\" loading=\"lazy\" class=\"alignnone size-full wp-image-440\" src=\"http:\/\/www.mayfra.es\/pro\/wp-content\/uploads\/2015\/12\/bombas_de_leche_39_08.jpg\" alt=\"bombas_de_leche_39_08\" width=\"1280\" height=\"226\" srcset=\"https:\/\/www.mayfra.es\/pro\/wp-content\/uploads\/2015\/12\/bombas_de_leche_39_08.jpg 1280w, https:\/\/www.mayfra.es\/pro\/wp-content\/uploads\/2015\/12\/bombas_de_leche_39_08-300x53.jpg 300w, https:\/\/www.mayfra.es\/pro\/wp-content\/uploads\/2015\/12\/bombas_de_leche_39_08-1024x181.jpg 1024w, https:\/\/www.mayfra.es\/pro\/wp-content\/uploads\/2015\/12\/bombas_de_leche_39_08-676x119.jpg 676w\" sizes=\"(max-width: 1280px) 100vw, 1280px\" \/><\/a><\/p>\n<p><a href=\"http:\/\/www.mayfra.es\/pro\/wp-content\/uploads\/2015\/12\/bombas_de_leche_39_10.jpg\" rel=\"lightbox[430]\"><img decoding=\"async\" loading=\"lazy\" class=\"alignnone size-full wp-image-441\" src=\"http:\/\/www.mayfra.es\/pro\/wp-content\/uploads\/2015\/12\/bombas_de_leche_39_10.jpg\" alt=\"bombas_de_leche_39_10\" width=\"1280\" height=\"250\" srcset=\"https:\/\/www.mayfra.es\/pro\/wp-content\/uploads\/2015\/12\/bombas_de_leche_39_10.jpg 1280w, https:\/\/www.mayfra.es\/pro\/wp-content\/uploads\/2015\/12\/bombas_de_leche_39_10-300x59.jpg 300w, https:\/\/www.mayfra.es\/pro\/wp-content\/uploads\/2015\/12\/bombas_de_leche_39_10-1024x200.jpg 1024w, https:\/\/www.mayfra.es\/pro\/wp-content\/uploads\/2015\/12\/bombas_de_leche_39_10-676x132.jpg 676w\" sizes=\"(max-width: 1280px) 100vw, 1280px\" \/><\/a><\/p>\n","protected":false},"excerpt":{"rendered":"<p>Grupos de vac\u00edo para salas de orde\u00f1o. Disponemos de un amplio cat\u00e1logo de grupos de vac\u00edo para salas de orde\u00f1o,as\u00ed de como todos sus recambios y accesorios consulte nuestro cat\u00e1logo.<\/p>\n","protected":false},"author":1,"featured_media":0,"parent":0,"menu_order":0,"comment_status":"closed","ping_status":"closed","template":"","meta":[],"_links":{"self":[{"href":"https:\/\/www.mayfra.es\/pro\/wp-json\/wp\/v2\/pages\/430"}],"collection":[{"href":"https:\/\/www.mayfra.es\/pro\/wp-json\/wp\/v2\/pages"}],"about":[{"href":"https:\/\/www.mayfra.es\/pro\/wp-json\/wp\/v2\/types\/page"}],"author":[{"embeddable":true,"href":"https:\/\/www.mayfra.es\/pro\/wp-json\/wp\/v2\/users\/1"}],"replies":[{"embeddable":true,"href":"https:\/\/www.mayfra.es\/pro\/wp-json\/wp\/v2\/comments?post=430"}],"version-history":[{"count":1,"href":"https:\/\/www.mayfra.es\/pro\/wp-json\/wp\/v2\/pages\/430\/revisions"}],"predecessor-version":[{"id":442,"href":"https:\/\/www.mayfra.es\/pro\/wp-json\/wp\/v2\/pages\/430\/revisions\/442"}],"wp:attachment":[{"href":"https:\/\/www.mayfra.es\/pro\/wp-json\/wp\/v2\/media?parent=430"}],"curies":[{"name":"wp","href":"https:\/\/api.w.org\/{rel}","templated":true}]}}